{"id":83,"date":"2020-06-22T19:31:58","date_gmt":"2020-06-22T19:31:58","guid":{"rendered":"http:\/\/berliner-pressekontor.de\/?page_id=83"},"modified":"2020-08-11T10:00:01","modified_gmt":"2020-08-11T10:00:01","slug":"kleines-abc-der-medien","status":"publish","type":"page","link":"https:\/\/berliner-pressekontor.de\/?page_id=83","title":{"rendered":"Kleines Medien-ABC"},"content":{"rendered":"\n<div style=\"height:83px\" aria-hidden=\"true\" class=\"wp-block-spacer\"><\/div>\n\n\n\n<p class=\"has-drop-cap\">A &#8211; <em>Agenda-Setting<\/em>: Eigentlich ein alter Hut. Bereits 1963 beschrieb der US-Politikwissenschaftler Bernard C. Cohen, dass Medien zwar nicht das Denken des Publikums beeinflussen, aber das, wor\u00fcber sie sich Gedanken machen.<\/p>\n\n\n\n<div style=\"height:27px\" aria-hidden=\"true\" class=\"wp-block-spacer\"><\/div>\n\n\n\n<p class=\"has-drop-cap\">B &#8211; <em>Boulevard<\/em>: Auch Klatschpresse genannt. Ist ein Genre des Journalismus, das auf pers\u00f6nliche Themen setzt. Der Name kommt \u00fcbergingen vom Stra\u00dfenverkauf dieser Zeitungen &#8211; eben auf dem Boulevard.<\/p>\n\n\n\n<div style=\"height:31px\" aria-hidden=\"true\" class=\"wp-block-spacer\"><\/div>\n\n\n\n<p class=\"has-drop-cap\">C &#8211; <em>Content<\/em>: Soll ja der K\u00f6nig sein. Heute wird aber oft nur schnell &#8222;runtergeschrieben&#8220;, um gedankliche Leere zu f\u00fcllen &#8211; in der Hoffnung, der Leser wird&#8217;s schon nicht bemerken.<\/p>\n\n\n\n<div style=\"height:33px\" aria-hidden=\"true\" class=\"wp-block-spacer\"><\/div>\n\n\n\n<p class=\"has-drop-cap\">D &#8211; <em>Digitalisierung<\/em>: Nettes Buzzword im Medienbereich. Beschreibt, dass Informationsvernetzung nicht nur die Macher betrifft, sondern aus Konsumenten mit Hilfe der Technik nun ebenfalls Produzenten werden. <\/p>\n\n\n\n<div style=\"height:27px\" aria-hidden=\"true\" class=\"wp-block-spacer\"><\/div>\n\n\n\n<p class=\"has-drop-cap\">E &#8211; <em>e-Paper<\/em>: Elektronische Zeitungen sind entwickelt worden, um den Leserschwund zu stoppen. Klappt aber nur bedingt. 2019 wurden 1,66 Millionen Exemplare abgesetzt, 2010 waren es 95.000.<\/p>\n\n\n\n<div style=\"height:36px\" aria-hidden=\"true\" class=\"wp-block-spacer\"><\/div>\n\n\n\n<p class=\"has-drop-cap\">F &#8211; <em>Fake news<\/em>: Nicht zu verwechseln mit Falschnachrichten, die aufgrund menschlicher Fehler passieren k\u00f6nnen. Nein. Fake News sind bewusst inszenierte Nachrichten wider besseren Wissen, um politisch oder \u00f6konomisch Einfluss zu nehmen.<\/p>\n\n\n\n<div style=\"height:35px\" aria-hidden=\"true\" class=\"wp-block-spacer\"><\/div>\n\n\n\n<p class=\"has-drop-cap\">G &#8211; <em>Google<\/em>: &#8222;Wir m\u00f6chten Google zu deiner dritten Gehirnh\u00e4lfte machen.&#8220; Das sagte vor Jahren Google-Erfinder Sergey Brin. Heute scheint diese Zombie-Vorstellung Realit\u00e4t. Oft sind dabei die ersten beiden H\u00e4lften ausgeschaltet.<\/p>\n\n\n\n<div style=\"height:32px\" aria-hidden=\"true\" class=\"wp-block-spacer\"><\/div>\n\n\n\n<p class=\"has-drop-cap\">H &#8211; <em>Handy<\/em>: Wird nur im Deutschen so genannt. Aber es liegt halt gut &#8222;in der Hand&#8220;. Rund 98,5 Prozent der 14- bis 19-J\u00e4hrigen nutzen ein Mobiltelefon, in der Altersgruppe der \u00fcber 70-J\u00e4hrigen sind es immer noch 64,5 Prozent <\/p>\n\n\n\n<div style=\"height:39px\" aria-hidden=\"true\" class=\"wp-block-spacer\"><\/div>\n\n\n\n<p class=\"has-drop-cap\">I &#8211; <em>Influencer<\/em>: Berufswunsch von Jugendlichen, die fr\u00fcher &#8222;irgendwas mit Medien&#8220; machen wollten. Sie tanzen, singen, springen und machen Urlaub. Und werden daf\u00fcr bezahlt. Auf rund eine Milliarde Euro wird das Werbebudget f\u00fcr 2020 gesch\u00e4tzt. <\/p>\n\n\n\n<div style=\"height:32px\" aria-hidden=\"true\" class=\"wp-block-spacer\"><\/div>\n\n\n\n<p class=\"has-drop-cap\">J &#8211; <em>Journalist<\/em>: In Deutschland keine gesch\u00fctzte Berufsbezeichnung, weil Artikel 5 GG die Meinungsfreiheit garantiert. Die beste Definition stammt von Karl Kraus: Ist einer, der nachher immer alles vorher gewusst hat. <\/p>\n\n\n\n<div style=\"height:38px\" aria-hidden=\"true\" class=\"wp-block-spacer\"><\/div>\n\n\n\n<p class=\"has-drop-cap\">K &#8211; <em>Kommunikation<\/em>: Soll theoretisch zur &#8222;Beseitigung von Ungewissheiten&#8220; zwischen Sender (Kommunikator) und Empf\u00e4nger (Rezipient) dienen. Nur ist diese Informations\u00fcbertragung heute keine Einbahnstra\u00dfe mehr.<\/p>\n\n\n\n<div style=\"height:33px\" aria-hidden=\"true\" class=\"wp-block-spacer\"><\/div>\n\n\n\n<p class=\"has-drop-cap\">L &#8211; <em>Lead<\/em>: Ob s\u00e4chlich oder m\u00e4nnlich, ist offen. Stammt jedoch aus dem amerikanischen Journalismus und bezeichnet den Anfang einer Nachricht. Es ist die Kernaussage mit ein bis drei S\u00e4tzen. Danach folgt der Body, also der eigentliche Text. <\/p>\n\n\n\n<div style=\"height:33px\" aria-hidden=\"true\" class=\"wp-block-spacer\"><\/div>\n\n\n\n<p class=\"has-drop-cap\">M &#8211; <em>Mainstream<\/em>: Zuweilen auch &#8222;Massenstrom&#8220; genannt. Mainstream-Medien wird oft als Schimpfwort f\u00fcr etablierte Medien genommen, sollte aber besser als Pr\u00e4dikatsmerkmal verstanden werden.<\/p>\n\n\n\n<div style=\"height:36px\" aria-hidden=\"true\" class=\"wp-block-spacer\"><\/div>\n\n\n\n<p class=\"has-drop-cap\">N &#8211; <em>Nachricht<\/em>: Graubrot des Journalisten, das langsam schimmelt. W\u00e4hrend fr\u00fcher eine Nachricht wahr sein musste, reicht es heute leider oft aus, dass sie nicht falsch ist. Nur ist eine halbe L\u00fcge noch lange keine halbe Wahrheit.<\/p>\n\n\n\n<div style=\"height:46px\" aria-hidden=\"true\" class=\"wp-block-spacer\"><\/div>\n\n\n\n<p class=\"has-drop-cap\">O &#8211; <em>O-Ton<\/em>: Beliebter Originalton f\u00fcr Fernsehen und H\u00f6rfunk, im Printbereich als Zitat bekannt. Aber wie sagte schon Alt-Bundespr\u00e4sident Rau: Glaube keinem Zitat, das du nicht selbst aus dem Zusammenhang gerissen hast.<\/p>\n\n\n\n<div style=\"height:31px\" aria-hidden=\"true\" class=\"wp-block-spacer\"><\/div>\n\n\n\n<p class=\"has-drop-cap\">P &#8211; <em>Podcast<\/em>: Audio- oder Videobeitrag, der im Internet herunterladbar ist. Das Kunstwort setzt sich aus Broadcast und iPod zusammen, das dieser Medienform zum Durchbruch verhalf. Wichtig ist, dass es f\u00fcr 100 Episoden plus reicht.<\/p>\n\n\n\n<div style=\"height:39px\" aria-hidden=\"true\" class=\"wp-block-spacer\"><\/div>\n\n\n\n<p class=\"has-drop-cap\">Q &#8211; <em>Quelle<\/em>: Immer checken, damit die Nachricht stimmt. Der fr\u00fchere Spiegel-Redakteur Claas Relotius hat mit seinen getr\u00fcrkten Artikeln den Negativ-Erweis erbracht, ist aber letztlich doch aufgeflogen.<\/p>\n\n\n\n<div style=\"height:34px\" aria-hidden=\"true\" class=\"wp-block-spacer\"><\/div>\n\n\n\n<p class=\"has-drop-cap\">R &#8211; <em>Reichweite<\/em>: Der am meisten \u00fcbersch\u00e4tzte Versuch einer Quantifizierung f\u00fcr Meldungswirkung. So hat die Bild-Zeitung nach eigenen Angaben trotz massiven Auflageneinbruchs immer zw\u00f6lf Millionen Leser.<\/p>\n\n\n\n<div style=\"height:37px\" aria-hidden=\"true\" class=\"wp-block-spacer\"><\/div>\n\n\n\n<p class=\"has-drop-cap\">S &#8211; <em>Social Media<\/em>: Die Sozialen Medien &#8211; Kurzform SM verbietet sich &#8211; sollen Menschen ja zusammenf\u00fchren. Es gibt jedoch Zeiten und Umst\u00e4nde, da w\u00e4re es wohl besser, von asozialen Medien zu reden. <\/p>\n\n\n\n<div style=\"height:47px\" aria-hidden=\"true\" class=\"wp-block-spacer\"><\/div>\n\n\n\n<p class=\"has-drop-cap\">T &#8211; <em>Teaser<\/em>: Meldungseinstieg im Online-Journalismus. Er soll, wie das englische Wort &#8222;to tease&#8220; (reizen) sagt, zum weiterlesen\/weiterklicken reizen. Muss also kurz und zugespitzt sein. Will hei\u00dfen: Komm zum Punkt.<\/p>\n\n\n\n<div style=\"height:37px\" aria-hidden=\"true\" class=\"wp-block-spacer\"><\/div>\n\n\n\n<p class=\"has-drop-cap\">U &#8211; <em>U1 bis U3<\/em>: Formate im  Journalismus, die den Rahmen des Gespr\u00e4chs bezeichnen: U1 &#8211; frei verwendbar, U2 &#8211; indirekt &#8222;aus Kreisen&#8220;, U3 &#8211; vertraulich. Nur wird heute der vertrauliche Hintergrund kaum noch eingehalten.<\/p>\n\n\n\n<div style=\"height:39px\" aria-hidden=\"true\" class=\"wp-block-spacer\"><\/div>\n\n\n\n<p class=\"has-drop-cap\">V &#8211; <em>Vokuhila<\/em>: Kurzform f\u00fcr eine \u00dcberschrift, die sich an einem Haarschnitt orientiert &#8211; <strong>vo<\/strong>rne <strong>ku<\/strong>rz und <strong>hi<\/strong>nten <strong>la<\/strong>ng. Will sagen, dass die beste \u00dcberschrift eine kurze \u00dcberschrift ist. &#8222;Wir sind Papst&#8220;<\/p>\n\n\n\n<div style=\"height:43px\" aria-hidden=\"true\" class=\"wp-block-spacer\"><\/div>\n\n\n\n<p class=\"has-drop-cap\">W &#8211; Die 5 <em>W-Fragen<\/em>: Sie sind zwingend in einer Nachricht zu beantworten und lauten &#8222;Was, Wer, Wann, Wo und Warum&#8220; &#8211; zumeist in dieser Reihenfolge, weil das Was der entscheidende Punkt einer Meldung ist.<\/p>\n\n\n\n<div style=\"height:39px\" aria-hidden=\"true\" class=\"wp-block-spacer\"><\/div>\n\n\n\n<p class=\"has-drop-cap\">X &#8211; <em>Manchmal gibt&#8217;s nix<\/em>: Passiert auch im Journalismus. Dann muss der andere Blickwinkel f\u00fcr den Beitrag gesucht werden. Denn eine gute Regel besagt: News is what is different.<\/p>\n\n\n\n<div style=\"height:40px\" aria-hidden=\"true\" class=\"wp-block-spacer\"><\/div>\n\n\n\n<p class=\"has-drop-cap\">Y &#8211; <em>Yellow Press<\/em>: Bekam ihren Namen nach der urspr\u00fcnglichen Farbe der  Skandalbl\u00e4tter, die auf m\u00f6glichst billigem Papier gedruckt wurden. Und das schimmerte gelblich.<\/p>\n\n\n\n<div style=\"height:39px\" aria-hidden=\"true\" class=\"wp-block-spacer\"><\/div>\n\n\n\n<p class=\"has-drop-cap\">Z &#8211; <em>Zeitungen<\/em>: Manche sagen dazu bereits &#8222;totes Holz&#8220; und den Untergang f\u00fcr 2033 voraus. Denn die verkaufte Gesamtauflage lag 2019 bei 13,5 Millionen Exemplaren. 1991 waren es noch 27,3 Millionen Exemplare.<\/p>\n","protected":false},"excerpt":{"rendered":"<p>A &#8211; Agenda-Setting: Eigentlich ein alter Hut. Bereits 1963 beschrieb der US-Politikwissenschaftler Bernard C. Cohen, dass Medien zwar nicht das Denken des Publikums beeinflussen, aber das, wor\u00fcber sie sich Gedanken machen. B &#8211; Boulevard: Auch Klatschpresse genannt. Ist ein Genre des Journalismus, das auf pers\u00f6nliche Themen setzt. Der Name kommt \u00fcbergingen vom Stra\u00dfenverkauf dieser Zeitungen<\/p><\/div>\n<div class=\"blog-btn\"><a href=\"https:\/\/berliner-pressekontor.de\/?page_id=83\" class=\"home-blog-btn\">Weiterlesen<\/a><\/p>\n","protected":false},"author":1,"featured_media":11,"parent":0,"menu_order":0,"comment_status":"closed","ping_status":"closed","template":"","meta":[],"_links":{"self":[{"href":"https:\/\/berliner-pressekontor.de\/index.php?rest_route=\/wp\/v2\/pages\/83"}],"collection":[{"href":"https:\/\/berliner-pressekontor.de\/index.php?rest_route=\/wp\/v2\/pages"}],"about":[{"href":"https:\/\/berliner-pressekontor.de\/index.php?rest_route=\/wp\/v2\/types\/page"}],"author":[{"embeddable":true,"href":"https:\/\/berliner-pressekontor.de\/index.php?rest_route=\/wp\/v2\/users\/1"}],"replies":[{"embeddable":true,"href":"https:\/\/berliner-pressekontor.de\/index.php?rest_route=%2Fwp%2Fv2%2Fcomments&post=83"}],"version-history":[{"count":49,"href":"https:\/\/berliner-pressekontor.de\/index.php?rest_route=\/wp\/v2\/pages\/83\/revisions"}],"predecessor-version":[{"id":341,"href":"https:\/\/berliner-pressekontor.de\/index.php?rest_route=\/wp\/v2\/pages\/83\/revisions\/341"}],"wp:featuredmedia":[{"embeddable":true,"href":"https:\/\/berliner-pressekontor.de\/index.php?rest_route=\/wp\/v2\/media\/11"}],"wp:attachment":[{"href":"https:\/\/berliner-pressekontor.de\/index.php?rest_route=%2Fwp%2Fv2%2Fmedia&parent=83"}],"curies":[{"name":"wp","href":"https:\/\/api.w.org\/{rel}","templated":true}]}}